{"id":80,"date":"2021-01-11T01:22:06","date_gmt":"2021-01-11T01:22:06","guid":{"rendered":"http:\/\/sapencoec.es\/?page_id=80"},"modified":"2021-01-11T15:49:31","modified_gmt":"2021-01-11T15:49:31","slug":"mantenimiento","status":"publish","type":"page","link":"https:\/\/sapencoec.es\/index.php\/mantenimiento\/","title":{"rendered":"Mantenimiento"},"content":{"rendered":"\n<p class=\"has-text-align-left\">Ofrecemos una variedad de servicios de mantenimiento para ayudarte. \u00bfNo tienes claro qu\u00e9 necesitas o cu\u00e1nto cuesta? Te diremos qu\u00e9 servicios te pueden venir mejor para tu empresa y te daremos m\u00e1s informaci\u00f3n sobre nuestras tarifas. Ponte en contacto con nosotros a continuaci\u00f3n.<\/p>\n\n\n\n<div style=\"height:32px\" aria-hidden=\"true\" class=\"wp-block-spacer desktop-only\"><\/div>\n\n\n\n<div class=\"wp-block-columns alignwide has-3-columns is-layout-flex wp-container-core-columns-is-layout-9d6595d7 wp-block-columns-is-layout-flex\">\n<div class=\"wp-block-column is-layout-flow wp-block-column-is-layout-flow\">\n<div class=\"wp-block-image\"><figure class=\"aligncenter size-large\"><img loading=\"lazy\" decoding=\"async\" width=\"640\" height=\"640\" src=\"http:\/\/sapencoec.es\/wp-content\/uploads\/2021\/01\/work-731198_9h0_h20.png\" alt=\"\" class=\"wp-image-95\" srcset=\"https:\/\/sapencoec.es\/wp-content\/uploads\/2021\/01\/work-731198_9h0_h20.png 640w, https:\/\/sapencoec.es\/wp-content\/uploads\/2021\/01\/work-731198_9h0_h20-300x300.png 300w, https:\/\/sapencoec.es\/wp-content\/uploads\/2021\/01\/work-731198_9h0_h20-150x150.png 150w\" sizes=\"auto, (max-width: 640px) 100vw, 640px\" \/><\/figure><\/div>\n\n\n\n<h4 class=\"has-text-align-left wp-block-heading\">Mantenimiento Web<\/h4>\n\n\n\n<p class=\"has-small-font-size\">La instalaci\u00f3n de un pluging o una actualizaci\u00f3n, puede ser resuelta de forma satifactoria por nuestros webmaster.<\/p>\n<\/div>\n\n\n\n<div class=\"wp-block-column is-layout-flow wp-block-column-is-layout-flow\">\n<div class=\"wp-block-image\"><figure class=\"aligncenter size-large\"><img loading=\"lazy\" decoding=\"async\" width=\"640\" height=\"640\" src=\"http:\/\/sapencoec.es\/wp-content\/uploads\/2021\/01\/cyberspace-2784907_960_720.png\" alt=\"\" class=\"wp-image-96\" srcset=\"https:\/\/sapencoec.es\/wp-content\/uploads\/2021\/01\/cyberspace-2784907_960_720.png 640w, https:\/\/sapencoec.es\/wp-content\/uploads\/2021\/01\/cyberspace-2784907_960_720-300x300.png 300w, https:\/\/sapencoec.es\/wp-content\/uploads\/2021\/01\/cyberspace-2784907_960_720-150x150.png 150w\" sizes=\"auto, (max-width: 640px) 100vw, 640px\" \/><\/figure><\/div>\n\n\n\n<h4 class=\"has-text-align-left wp-block-heading\">Mantenimiento Redes<\/h4>\n\n\n\n<p class=\"has-small-font-size\">La caida de un servidor puede costar a su empresa no solo tiempo sino perdida de de informacion y clientes.<\/p>\n<\/div>\n\n\n\n<div class=\"wp-block-column is-layout-flow wp-block-column-is-layout-flow\">\n<div class=\"wp-block-image\"><figure class=\"aligncenter size-large\"><img loading=\"lazy\" decoding=\"async\" width=\"640\" height=\"640\" src=\"http:\/\/sapencoec.es\/wp-content\/uploads\/2021\/01\/work-731198_9h0_7h0.png\" alt=\"\" class=\"wp-image-97\" srcset=\"https:\/\/sapencoec.es\/wp-content\/uploads\/2021\/01\/work-731198_9h0_7h0.png 640w, https:\/\/sapencoec.es\/wp-content\/uploads\/2021\/01\/work-731198_9h0_7h0-300x300.png 300w, https:\/\/sapencoec.es\/wp-content\/uploads\/2021\/01\/work-731198_9h0_7h0-150x150.png 150w\" sizes=\"auto, (max-width: 640px) 100vw, 640px\" \/><\/figure><\/div>\n\n\n\n<h4 class=\"has-text-align-left wp-block-heading\">Mantenimiento Pc<\/h4>\n\n\n\n<p class=\"has-small-font-size\">En ocasiones el equipo de su empresa necesita ser revisado para un mejor funcionamiento. <\/p>\n<\/div>\n<\/div>\n\n\n\n<div style=\"height:32px\" aria-hidden=\"true\" class=\"wp-block-spacer desktop-only\"><\/div>\n\n\n\n<hr class=\"wp-block-separator is-style-wide\"\/>\n\n\n\n<div style=\"height:32px\" aria-hidden=\"true\" class=\"wp-block-spacer desktop-only\"><\/div>\n\n\n\n<h2 class=\"has-text-align-center wp-block-heading\">Construyamos algo juntos<\/h2>\n\n\n\n<div class=\"wp-block-button aligncenter\"><a class=\"wp-block-button__link\" href=\"#\">Ponte en contacto<\/a><\/div>\n\n\n\n<div style=\"height:32px\" aria-hidden=\"true\" class=\"wp-block-spacer desktop-only\"><\/div>\n\n\n\n<hr class=\"wp-block-separator is-style-wide\"\/>\n","protected":false},"excerpt":{"rendered":"<p>Ofrecemos una variedad de servicios de mantenimiento para ayudarte. \u00bfNo tienes claro qu\u00e9 necesitas o cu\u00e1nto cuesta? Te diremos qu\u00e9 servicios te pueden venir mejor para tu empresa y te daremos m\u00e1s informaci\u00f3n sobre nuestras tarifas. Ponte en contacto con nosotros a continuaci\u00f3n. Mantenimiento Web La instalaci\u00f3n de un pluging o una actualizaci\u00f3n, puede ser [&hellip;]<\/p>\n","protected":false},"author":1,"featured_media":0,"parent":0,"menu_order":0,"comment_status":"closed","ping_status":"closed","template":"","meta":{"footnotes":""},"class_list":["post-80","page","type-page","status-publish","hentry"],"jetpack_sharing_enabled":true,"_links":{"self":[{"href":"https:\/\/sapencoec.es\/index.php\/wp-json\/wp\/v2\/pages\/80","targetHints":{"allow":["GET"]}}],"collection":[{"href":"https:\/\/sapencoec.es\/index.php\/wp-json\/wp\/v2\/pages"}],"about":[{"href":"https:\/\/sapencoec.es\/index.php\/wp-json\/wp\/v2\/types\/page"}],"author":[{"embeddable":true,"href":"https:\/\/sapencoec.es\/index.php\/wp-json\/wp\/v2\/users\/1"}],"replies":[{"embeddable":true,"href":"https:\/\/sapencoec.es\/index.php\/wp-json\/wp\/v2\/comments?post=80"}],"version-history":[{"count":3,"href":"https:\/\/sapencoec.es\/index.php\/wp-json\/wp\/v2\/pages\/80\/revisions"}],"predecessor-version":[{"id":98,"href":"https:\/\/sapencoec.es\/index.php\/wp-json\/wp\/v2\/pages\/80\/revisions\/98"}],"wp:attachment":[{"href":"https:\/\/sapencoec.es\/index.php\/wp-json\/wp\/v2\/media?parent=80"}],"curies":[{"name":"wp","href":"https:\/\/api.w.org\/{rel}","templated":true}]}}